mber?
True
Let m(u) = 3*u**3 + u**2 - 2*u + 1. Let x be m(1). Suppose 98 + 43 = x*a. Suppose 3*r - a = -5*t, r = -3*r - 4*t + 68. Is r a prime number?
True
Let s(d) = d**3 + d + 2. Let w be s(0). Suppose -w*t - 1956 = -6*t. Is t a composite number?
True
Let a be (4 - 2) + (-4)/(-2). Suppose 0*x + a*x - 308 = 0. Is x composite?
True
Suppose 6 = -2*k, -4*k = 4*x - 5*k - 15871. Is x composite?
False
Is (17602/(-6))/((20/6)/(-10)) composite?
True
Let q(y) = -35*y + 50. Let c(i) = -12*i + 17. Let u(p) = 7*c(p) - 2*q(p). Is u(-9) a composite number?
True
Suppose -g + 16 = 5*y - 3, -5*y - 4*g + 31 = 0. Suppose 0 = l - y*l + 1514. Is l a composite number?
False
Is (-3)/(51/2) - 147848/(-136) a prime number?
True
Let j = -8423 + 16570. Is j composite?
False
Is 2848 + 24/4 + 1 + 2 a prime number?
True
Let g(n) = 2*n**3 - 18*n**2 - 3*n + 6. Let y(q) = 5*q**3 - 37*q**2 - 7*q + 13. Let z(j) = 7*g(j) - 3*y(j). Is z(-16) a composite number?
True
Let q = 903 - 0. Let s = 1011 - 415. Let w = q - s. Is w a composite number?
False
Let v(l) be the first derivative of -31/2*l**2 + 2 - 13*l. Is v(-12) prime?
True
Let d = 789 - 176. Let x = -236 + d. Is x prime?
False
Let j(f) be the second derivative of -f**4/12 + f**3 - 9*f**2/2 - 12*f. Let n be j(5). Let c(u) = -u**3 + 2*u**2 - 6*u - 1. Is c(n) a prime number?
False
Let n(c) = c**3 - 4*c**2 - 7*c - 7. Suppose -3*j + 4*u - 2 = 0, -5*j - 2*u - 9 + 49 = 0. Is n(j) composite?
False
Let z(b) = 6633*b**2 - 47*b + 3. Is z(3) prime?
False
Let t(u) = -109*u**3 + 5*u**2 - 23*u - 53. Is t(-6) a composite number?
True
Suppose -22*m = -20*m - 18. Let p(h) = 5*h**2 - 3*h - 31. Is p(m) a composite number?
False
Suppose -5*z = -z + 2816. Let u = z + 1183. Is u a prime number?
True
Suppose 2*f + 4*p - 21967 = -7897, 3*f = -5*p + 21104. Is f composite?
True
Let u be (-639)/(-27) + 2/6. Is (12/u)/(2/236) a prime number?
True
Is (11 - 6)/(-5) - -6668 prime?
False
Let z = -67 - -1154. Is z prime?
True
Suppose 220*n = 229*n - 250119. Is n a prime number?
True
Suppose 4*q - 5*n = -2*n + 28, 4*n = -4*q. Suppose 2*v + q*u + 467 = 3*v, 0 = -3*u - 6. Suppose -5*w + v = 3*i, 4*i - 313 = 2*i - w. Is i a composite number?
True
Let w be 4*(-3 - 23815/20). Let y be 12/15*w/(-2). Suppose y = d + 4*d. Is d composite?
True
Suppose 223*f = 200*f + 425707. Is f a prime number?
False
Let o(u) = -6*u**2 + 6*u + 25. Let b(d) be the first derivative of -5*d**3/3 + 5*d**2/2 + 24*d - 10. Let q(i) = -5*b(i) + 4*o(i). Is q(6) composite?
True
Let k(b) = 49*b + 44. Is k(17) prime?
True
Suppose 10*r - 12*r + 28058 = 0. Is r a composite number?
False
Is (-9)/((-4)/(99364/3)) prime?
False
Suppose -78 = d + 3*h, 164 = -2*d + 2*h - 6*h. Let r = d - -203. Is r a prime number?
True
Let o = 18 - 23. Let r(c) = -164*c - 3. Is r(o) a composite number?
True
Let b(y) = 476*y**2 - 1. Let d be b(-1). Let o = d - -1060. Suppose -7*c + o = -2*c. Is c prime?
True
Let s(x) = 9291*x + 538. Is s(5) a composite number?
False
Let k = -40 - -44. Let r(z) = 3*z**2 - 2*z + 3. Is r(k) a composite number?
False
Suppose b + b = 2*l + 34, 4*l = 5*b - 87. Let o = b + -16. Suppose i - 2*r - 45 = -4*i, -o*i = -3*r - 36. Is i composite?
False
Let y(m) = 2*m**2 - 10*m - 9. Let g(f) = f**2 - f. Let p(v) = 3*g(v) - y(v). Let a be p(-6). Suppose 2*x = 2*j + 285 + 3, 426 = a*x + 3*j. Is x a prime number?
False
Let a = 168 - -183. Let r(j) = -j**3 + 14*j**2 + 12*j - 31. Let m be r(13). Suppose 3*q - a = m. Is q composite?
True
Suppose -4*r = -2*r - 48. Suppose r*x = 25*x - 4. Suppose 318 = -x*i + 7*i. Is i composite?
True
Let t(f) = -2*f**3 - 7*f**2 + 2*f - 19. Suppose v - 5*p = -8, 0 = -8*v + 3*v - 5*p - 40. Is t(v) a prime number?
True
Let n = -63 + 67. Suppose -n*w + 7*w - 3207 = 0. Is w a composite number?
False
Let m = 68290 + -43936. Is (-6)/(-20)*2 + m/135 prime?
True
Let h(m) = -m**3 + 3*m**2 - 2*m. Suppose 0 = u - 5*u + 12. Let v be h(u). Let j = v + 13. Is j a composite number?
False
Let w(x) = x**3 - 11*x**2 + x - 28. Let t be w(11). Is 1837/(((-2)/(-10))/(t/(-85))) prime?
False
Let z(t) = -658*t**3 - 7*t**2 - 17*t - 9. Is z(-2) prime?
True
Let i(r) = -2 + 6*r - 8*r - r**3 + 6 - 5*r**2. Let k be i(-4). Is 3/k + 4035/20 prime?
False
Let s be (0/3 + -3)*-1. Suppose 2*u + 187 = s*u. Is u a composite number?
True
Suppose 33 = 4*u - u. Suppose 0 = -4*g - 7 + u. Is -4*(g - (-255)/(-4)) a prime number?
True
Let p(d) = 3*d + 7. Let k be p(-3). Let u be (k - -7) + -1 + 213. Suppose 10*n - 11*n = -u. Is n a prime number?
False
Let y = 30831 + -17330. Is y a composite number?
True
Suppose 33*a = 28*a + 11015. Is a a composite number?
False
Is (-38 - -3063) + 2/(4/(-6)) composite?
True
Let a = -86 - -100. Let j(g) = -g**3 - g**2 + 2*g + 1. Let r be j(2). Let u = r + a. Is u composite?
False
Let g(x) = -16*x**3 + 7*x**2 + 2*x - 2. Suppose -2*y - 16 = -2*s + 6*s, 2*y - 2 = 2*s. Is g(s) composite?
False
Let n = 1532 + 10355. Is n prime?
True
Suppose -c = 3*c. Let o be c + -2 + 1 - -3. Suppose s = o*s - 94. Is s prime?
False
Suppose -3*v - 57 = h + 2*h, 22 = -3*h + 4*v. Let r = 28 + h. Let g = 0 + r. Is g a prime number?
False
Suppose 0 = -346*o + 349*o - 21. Suppose 1478 = o*f + 1. Is f a prime number?
True
Let f = -606 + 1157. Is f prime?
False
Is 109/1*(-4 + 5) a prime number?
True
Let o(t) = 15*t + 9. Let g be o(5). Let u be 35724/g - 4/14. Suppose -4*y + 4*m = -m - 563, -3*y + u = -m. Is y a composite number?
True
Let s(l) be the third derivative of -2305*l**4/24 + 11*l**3/6 - 28*l**2. Is s(-2) a prime number?
True
Suppose -4*f + 1378 = 2*j, 4*f + 6*j = 2*j + 1368. Suppose 5*r - r - 316 = 0. Suppose -r = -2*q + 3*c + 69, -f = -5*q - 4*c. Is q composite?
False
Let f be 6/8 - 90/(-40). Suppose -4*p + p = 12, -11 = f*y + 5*p. Suppose -5*q - 25 = 0, -5*a = -y*q - 2*q - 1920. Is a a composite number?
False
Suppose 2*m - 27702 = -4*c, -2*m - 3*m = -2*c - 69195. Is m composite?
False
Suppose -11999 = 3*y - 16*y. Is y prime?
False
Let m(r) = 81*r**2 - 42*r + 19. Is m(8) prime?
False
Let k = -14 - -17. Suppose -4*a = -k*a - 353. Is a a prime number?
True
Let m(n) = -2*n + 10. Let y be m(4). Let h be 2/(y - (-16)/(-12)). Suppose s = -h*o - 0*o + 224, 20 = 4*o. Is s a prime number?
False
Suppose -389 = -2*d + 5*v, 9*d + 368 = 11*d + 2*v. Is d a composite number?
True
Suppose -24*k = -28*k + 28. Suppose -4*q = -k*q + 537. Is q prime?
True
Suppose 0 = d + 4*d. Suppose 5*t = 5*f + 1489 + 981, 5*t + 2*f - 2505 = d. Is t prime?
True
Let i(r) = -r**2 - 10*r - 4. Let l be i(-9). Suppose -k + 5*a = -19, l*a + 17 = -2*k + 4*a. Is 3/k*2*-1031 composite?
False
Let n = 33 + 9. Suppose -39*q = -n*q + 4101. Is q a composite number?
False
Let i = 53918 + -36997. Is i a prime number?
True
Is (-2*(-1)/6)/((-9)/(-124713)) a prime number?
False
Suppose 7*x = 6*x + 639. Let h = 2702 - x. Is h composite?
False
Suppose 2*d - 24284 = -5230. Is d composite?
True
Let c be 15/(7 + -2)*1. Let i(v) = 307*v**2 + 4*v + 2. Is i(c) a prime number?
True
Suppose -3*q - 733 - 659 = 0. Let m = -261 - q. Is m composite?
True
Let u = -5402 - 8206. Let o = u + 19127. Is o a composite number?
False
Suppose 0 = 2*o + 4*m - 11141 + 1567, 0 = 5*o + m - 23944. Is o a prime number?
True
Let k be 951/9 + (-2)/3. Suppose l - 85 = -c + k, 0 = c + 2*l - 195. Is c composite?
True
Suppose 0 = 3*y + 3*z - 5256, -10*y + 7*y = -z - 5276. Is y prime?
False
Let s(f) = 1380*f**2 + 26*f + 17. Is s(6) a composite number?
False
Let o = -2292 + 1103. Let l = 1690 + o. Is l prime?
False
Is 231/(-66)*(-104978)/7 prime?
True
Suppose 0 = -8*i + 4 + 44. Is 310 - ((-36)/(-16) + i/8) a prime number?
True
Let m(q) = 9*q**2 - 3*q - 1. Suppose i - 5 = -3. Suppose -16 = i*l + 2*l. Is m(l) a composite number?
True
Let d = -865 + 1554. Is d prime?
False
Let i = -1680 - -3317. Is i a prime number?
True
Let m be 6 - (-3 + (4 - -1)). Suppose 0 = 4*t + m*j + 16, 4*t + j + 8 = -j. Suppose -3*x + 73 + 56 = t. Is x a composite number?
False
Let q = 13 - 7. Suppose -2*t + 2*h = -4, q*h - 2*h + 16 = 0. Let w(k) = -146*k + 1. Is w(t) composite?
False
Let o = 19983 + 8548. Is o prime?
False
Suppose y = 2*u - 9 + 3, 30 = 5*u + 5*y. Suppose 2*p - 8141 = -i, -i = 7*p - u*p - 12214. Is p a prime number?
True
Let m(k) = -k**3 + 7*k**2 + 10*k - 5. Let v = 17 + 4. Suppose -7*c = -10*c + v. Is 